)/2*z/(-85). Calculate i(y).
-3
Suppose -7 = -2*q - 3. Let v(i) be the first derivative of i**2/2 + i - 1. Give v(q).
3
Let p(c) = -c**3 + 4*c**2 - 4. Let j be (-3 - -1) + 10 + 1. Let w be (-8)/(-6)*j/6. Suppose 5*r - 19 = -3*h, w*h - 4*r = -3*r + 4. What is p(h)?
5
Suppose i + 20 = 6*i. Let c(x) = -7*x**2 - 10*x - 2. Let d be c(-2). Let h = i + d. Let a(o) = o**2 + 6*o + 5. What is a(h)?
5
Let p = 103 - 98. Let h(w) = w**3 - 5*w**2 - 2*w + 5. Calculate h(p).
-5
Let t(f) = -1053*f**3 + 9 + 7*f + 7*f**2 + 1054*f**3 - 2. Let n be ((5 - -1) + 0)/(-1). Determine t(n).
1
Let u(n) = 0*n**3 - 2*n**3 + 4*n**3 + n**2 - 1. Let k be u(1). Let x(h) be the second derivative of -h**4/6 + 2*h**3/3 - h**2 - 2*h. Give x(k).
-2
Let p(o) = o**3 + 7*o**2 + 1. Let k be -4 + -3*(2 - (2 - 1)). What is p(k)?
1
Suppose h + 2 = 3*h - 2*c, -5*c - 5 = 0. Let q be 35/3 - (-5)/15. Let g(r) = -2*r + 11 - q + 3*r. Give g(h).
-1
Suppose 0*q - 4*q + 8 = 0. Suppose -q*a - 10 = -0*a. Let l(y) = -y - 5. What is l(a)?
0
Let h(w) = -2*w. Let q be h(-2). Let u(n) = -4*n + 2. Suppose -2*c + 7 = -7. Let x(g) = 9*g - 3. Let d(b) = c*u(b) + 3*x(b). Determine d(q).
1
Let r(a) be the second derivative of -5*a**4/6 - a**2/2 - 8*a. Determine r(-1).
-11
Let z(v) = 3*v + 12. Let w be z(-8). Let d = -18 - w. Let i(q) = -q - 4. Determine i(d).
2
Let t(x) = -x - 9. Suppose -5*m - 1 + 36 = 0. Give t(m).
-16
Let g be (2/6)/(2/24). Let b(t) be the third derivative of 0*t + 1/6*t**3 - 2*t**2 + 0 + 1/24*t**g + 1/10*t**5. Give b(-1).
6
Let d(y) = y**2 + 7*y - 5. Suppose g = 5*g + 28. Calculate d(g).
-5
Let c(m) be the third derivative of m**4/8 + 2*m**3/3 + 3*m**2. Calculate c(4).
16
Suppose 3*u + 1 + 2 = 0, -4*q + 5*u + 5 = 0. Let v(d) = -d - d**2 + q*d + d + 3. Give v(-3).
-6
Let t(u) = 2*u - 1. Let c(y) = -y**2 - y + 1. Let k be c(1). Let o be (1 - 2)*(k - -1). Suppose 4*d + v - 9 = 0, o = -4*d + 4*v - 0*v - 16. Calculate t(d).
1
Let h be ((-2)/(-8))/(2/40). Let r(f) = 4*f - h*f + f**2 - f. Suppose 0 = 5*q - 13 - 7. What is r(q)?
8
Let z(g) = 4*g**3 + 1. Let t be z(1). Let y = -3 + t. Let u(a) = 2*a**2 - 2*a + 3. Give u(y).
7
Let p(w) = -w**2 - 10*w + 9. Let u(r) = -r**2 - 23*r + 67. Let m be u(-26). Calculate p(m).
-2
Let d(i) = -3*i - 2 + i**2 + 5 - 6*i + 2*i. Determine d(6).
-3
Suppose 5*d + 3*g - 48 = -g, -4*d + 3*g = -57. Suppose -3*k - 44 = -7*k. Let r(s) = -8*s + d + 4*s - k. Give r(-1).
5
Let w(p) be the third derivative of p**4/8 - 9*p**2. Calculate w(-1).
-3
Suppose -q = -6*q. Suppose 0*k + 2*k - 12 = q. Suppose -h + 3*h = k. Let b(l) = l**2 - 3*l - 4. Calculate b(h).
-4
Let x(m) be the first derivative of -m**3/3 + m**2/2 + 1. Suppose 0 = -2*g - 5*s + 13 + 5, 3*g = -s + 1. Calculate x(g).
-2
Let t(n) be the first derivative of -n**4/4 + 10*n**3/3 - 4*n**2 - 10*n - 6. Determine t(9).
-1
Let w(k) = 10*k + 3. Let t(j) = -j. Let f(o) = -22*t(o) - 2*w(o). Let g = -13 - -43. Suppose -h + 6*h = g. Calculate f(h).
6
Suppose -5*b - 25 = 15. Let f(c) = 2*c + 2. Let u(y) = y + 1. Let q(j) = b*u(j) + 5*f(j). What is q(3)?
8
Let p(x) = -2*x + 3. Let c(l) = -l + 2. Let m(q) = 6*c(q) - 5*p(q). Let z(o) = o + 9. Let s be 15/(-10)*28/6. Let t be z(s). Calculate m(t).
5
Suppose -4 - 6 = -2*k. Let s(r) = -k*r**2 + r + 3*r**2 + 3*r**2 + 7. Suppose q = 5*q. Give s(q).
7
Let s(d) = -d**2 + 0 - 2*d**3 + 3*d**3 - 3*d - 2*d**2 + 2. Let g(f) = f**2 + f - 1. Let m(p) = g(p) - s(p). Calculate m(5).
-8
Let b be 35/28 + 5/(-4). Let s(z) = 8 - 2 + 0*z**2 - z**2. Give s(b).
6
Suppose -35 = -5*b - 5*t + 5, 4*t = 4*b. Suppose 15 = -b*g + 31. Let n(k) = -k**2 + 3*k + 5. What is n(g)?
1
Let t(w) = -7*w + w + 4*w. Determine t(-2).
4
Let u(j) = j**3 + 6*j**2 + j + 1. Let l be (-2 - 0)*(-3 - -1). Let i(n) = -n**3 + 5*n**2 - 6*n + 2. Let g be i(l). Determine u(g).
-5
Let z(y) = 9*y**2 - 14*y + 14. Let c(w) = -6*w**2 + 9*w - 9. Let s(i) = -8*c(i) - 5*z(i). Calculate s(2).
10
Let n be (-3)/((-2)/(-2))*-1. Let g(x) = x**2 - 4*x + 3. Let f be g(n). Let l(k) = -4 - 3 - k**2 + 4*k + 13 - 3*k - 2*k. What is l(f)?
6
Let j(h) = -h**3 - 4*h**2 - h - 2. Let p be 4/(-22) + 68/11. Suppose -i = i + p. Determine j(i).
-8
Let d(f) = 2*f + 3. Let x = -4 - -9. Calculate d(x).
13
Let j(a) = -16*a**2 - 1. Suppose 18*o = 13*o - 5. Calculate j(o).
-17
Let k(h) = -h**3 + 3*h**2 - 2*h + 3. Let f(a) = a**3 + 9*a**2 + 11. Let m be f(-9). Suppose -3 = -m*n + 10*n. Determine k(n).
-3
Let x(q) be the first derivative of -5*q**2/2 - q + 2. Suppose 4*j = -j - 10. Let z = 3 + j. What is x(z)?
-6
Let f(u) = -2*u**2 + 4*u. Let o(x) = -2*x**2 + 5*x. Let a = -16 - -10. Suppose -4*r + 17 = -3. Let i(y) = a*f(y) + r*o(y). Calculate i(1).
3
Let c(r) = r**2 - 2*r**2 + 0 + 6*r - 2. Suppose -4*l = -24 - 12. Suppose 6 = 5*b - l. Determine c(b).
7
Let t(q) be the third derivative of -q**6/60 - q**5/30 + q**4/24 + q**3/6 + 14*q**2. Give t(-2).
7
Let x(j) = -j - 6. Let q be x(-6). Let b(v) = 16 + q*v - v - 13. Calculate b(2).
1
Let o(f) = 2*f - f**2 + 0*f**3 + 4*f**3 - 3*f**3 - 2*f**3. Give o(-3).
12
Let s = 2 + 0. Let m(a) = a - 6. Let r be m(6). Let h(k) = k + k**2 + s*k**2 + 0*k**2 - 1 + r*k. What is h(1)?
3
Let f(i) be the second derivative of i**3/3 - i**2 + 7*i. Determine f(-3).
-8
Let r(d) = -d**2 - d + 1 + d - d**3. Let c be r(0). Suppose c - 10 = 3*f. Let s(n) = -n**3 - 2*n**2 + 2*n - 4. What is s(f)?
-1
Let g(n) be the first derivative of n**4/4 + n**3 - n**2 + n - 17. Calculate g(-3).
7
Let m(w) be the first derivative of 7*w**4/4 - 4*w**3/3 - 2*w**2 + w - 3. Let q(k) = -27*k**3 + 17*k**2 + 17*k - 5. Let f(j) = 9*m(j) + 2*q(j). What is f(-1)?
-10
Let o(p) = -3*p**3 - p**2 - p + 1. Let h be (1 + -2)/(5 - 6). What is o(h)?
-4
Let c(q) = 0*q + 11*q**2 + q + 1 - 4*q**2. Let u = -2 - -2. Let b be 1 + u + (-3 - -1). What is c(b)?
7
Suppose 0 = 3*v - 30 - 9. Suppose 2 = j - 4*h, 2*h + 3*h = 3*j - v. Let i(x) = x**3 - 5*x**2 - 5*x - 3. Let q be i(j). Let s(o) = o**3 - 4*o**2 + 3. Give s(q).
-6
Let n(k) = 16*k + 15. Let d(y) = -3*y - 3. Let r(x) = -11*d(x) - 2*n(x). Give r(-6).
-3
Let y(k) = 9*k**2 - 14*k - 22. Let p(z) = -5*z**2 + 7*z + 11. Let a(c) = 7*p(c) + 4*y(c). Give a(8).
-3
Let w = 8 + -4. Let d(m) = 4*m**2 + w*m**2 + 1 + 0. Let a = -3 + 4. What is d(a)?
9
Let n be 1/3 + 10/6. Let u(x) = 0 + 4 - n*x**2 + x**2 + x**3 - 4*x**2 - 6*x. Determine u(6).
4
Let z = 5 - 5. Suppose z = -4*p + 4*q, -2*p + 7*p + 2*q - 35 = 0. Let c(b) = -b**2 + 2*b + 5. Determine c(p).
-10
Let a(v) = v**3 + 9*v**2 - 2*v - 13. Let o = 141 + -150. What is a(o)?
5
Let p be (-3 + (0 - -3))/2. Let a(f) = f + 4. What is a(p)?
4
Let c(z) = -5*z**2 + 19*z + 5. Let v(r) = -2*r**2 + 9*r + 3. Let i(g) = -3*c(g) + 7*v(g). What is i(-6)?
6
Let l be (-1)/2 - (-14)/4. Let q = 2 + -2. Let p(o) = -o - 3 + 2*o + q*o + 2. What is p(l)?
2
Let g(h) be the first derivative of -h**3/3 + 7*h**2/2 - 4*h - 1. Let u(m) = m**2 + 8*m + 7. Let d be u(-8). Suppose -5*p + 23 = -d. Give g(p).
2
Let l(f) = -6*f. Suppose -3*j = j - 16. Let s be (1/(-2))/(1/j). Let k be s + (1 - (1 - 1)). Give l(k).
6
Let b(h) be the third derivative of h**4/8 + h**3/2 + h**2. Let x(z) = z**2 - 5*z + 4. Let g be x(5). Suppose u = 4*l + 3*u + 2, -4*l - 4*u = -g. Give b(l).
-3
Let q(c) = -c - 7. Let h be q(-8). Let w(y) = y**2 + h + 3*y**2 - 5*y**2. Determine w(1).
0
Suppose 11 = -u + 4*x - 4, 0 = -u + 3*x - 11. Let o(r) be the second derivative of 0 - 3*r + 1/2*r**4 - 1/6*r**3 + 0*r**2. What is o(u)?
5
Let k(y) = y**2 - 16*y + 11*y + 6*y + 3. Suppose -2*w + t + 3*t = 10, 3*t = 3. Determine k(w).
9
Let m = 16 + -14. Let c(i) = 8*i**3 - 3*i**3 + i + 2*i**m - 4*i**3. Give c(-2).
-2
Let s(m) = 4*m**3 - 8*m**2 - 20*m - 1. Let t(a) = -4*a + 2*a**2 + 9*a + 54*a**3 - 55*a**3. Let u(i) = 2*s(i) + 9*t(i). Calculate u(3).
4
Suppose 4*l = 5*i + 1 - 22, -l = 4. Let m be (i/2)/1*4. Let q be (2/(-1))/4*m. Let p(x) = -2*x**2 - 2*x - 1. Calculate p(q).
-1
Let d(p) = -4*p + p - 349*p**3 - 3 + 348*p**3. Give d(-2).
11
Let h(d) = d**2 - 3*d + 7. Let f(r) = -4*r**2 + 8*r - 20. Let x(u) = 2*f(u) + 7*h(u). What is x(-7)?
-5
Let n(k) = 24*k**2 + 6*k - 5. Let j(y) = -8*y**2 - 2*y + 2. Let r(z) = 8*j(z) + 3*n(z). What is r(-1)?
7
Let v = -1 + 1. Let g = 1 + v. Let u(o) = 4*o**2 - o**2 + 0*o**2 - 2*o**2. Determine u(g).
1
Let q(t) = -t**2 - 6*t - 3. Let x(o) = o**